1?
True
Suppose -7 - 3 = -2*o. Suppose 0 = o*j + 5, -5*j + 3 = 4*d - 12. Suppose 110 + 90 = d*z. Is z a multiple of 10?
True
Let k = -31 + 30. Let m be (-1)/k + (-5)/(-5). Is (m - -2) + 19 - -4 a multiple of 9?
True
Let s(c) be the third derivative of c**8/10080 - c**7/630 + c**6/90 - 3*c**5/20 + 4*c**2. Let j(g) be the third derivative of s(g). Is j(4) a multiple of 8?
True
Suppose x = 2*x + x. Suppose x = 6*c + 49 - 169. Does 10 divide c?
True
Let g be (-4 - -2) + -2*27. Let k = -119 - g. Let l = 112 + k. Does 18 divide l?
False
Let l(j) = j**3 + 16*j**2 - 16*j + 29. Is 7 a factor of l(-17)?
False
Let f = -229 + 281. Does 44 divide f?
False
Let o be (-3)/15 - (-620)/(-25). Let v = -13 - o. Does 3 divide v?
True
Suppose -2*n = -4*a + 14, 10 = 4*a + n - 1. Suppose a*w = 331 + 419. Is w a multiple of 28?
False
Let q be -21 + (6 - 4) + 0. Let f = 18 + q. Does 2 divide (-108)/(-60) - f/5?
True
Suppose 2*q - 15 + 3 = 0. Suppose -f - 10*o = -q*o - 25, 5*f - 173 = -4*o. Is 6 a factor of f?
False
Let v = -1216 + 2270. Is 31 a factor of v?
True
Suppose 0 = 8*i - 5*i - 27. Suppose -i*g - 43 = -322. Does 4 divide g?
False
Let q(z) = -3*z + 253. Is 30 a factor of q(0)?
False
Let z = 274 - 231. Does 4 divide z?
False
Suppose 5*d = 2*b - 379 - 1414, -2*d + 1772 = 2*b. Let r = b + -589. Does 50 divide r?
True
Suppose 6*x = 135 + 45. Does 2 divide x?
True
Let t = -720 - -1292. Is t a multiple of 26?
True
Suppose -9389 = -10*w - 1829. Let s = w - 514. Does 22 divide s?
True
Suppose 2*r = 4 + 2. Suppose -r*i - 3*a + 43 - 16 = 0, 2*a = 2*i - 14. Let x(v) = -v**2 + 9*v + 6. Is 14 a factor of x(i)?
True
Let m(d) be the first derivative of d**4/4 + 2*d**3 + 3*d**2/2 - 2*d + 1. Does 6 divide m(-5)?
False
Suppose 24*w = 27*w - 324. Suppose -4*p + 5*p = w. Does 6 divide p?
True
Let m be 2/(-12) + (-17)/6. Is 32 a factor of 344*(-1 + m/(-2))?
False
Let u be (-7)/(-28) - 3/12. Suppose g + 0*g - 5 = u, h + 4*g - 83 = 0. Does 14 divide h?
False
Suppose 5*a - 2*n = n + 16, -2*a = 3*n + 2. Suppose 10 = 3*b + a*b. Suppose q + 2*h = -3*q + 48, 4*q = b*h + 48. Does 6 divide q?
True
Let w be (-327*5/(-60))/((-1)/(-12)). Suppose -y + w = 7. Is 16 a factor of y?
True
Let z(y) = -y**2 + 14*y + 4. Let i be z(14). Suppose -s = i*h - 464, h = 3*s - s + 116. Does 23 divide h?
False
Suppose -19*s + 196 + 1609 = 0. Is s a multiple of 42?
False
Suppose 4*x - 5*y = 14, 0 = -3*y + 10 - 4. Let f(t) = 9*t - 2. Is f(x) a multiple of 13?
True
Let j be 6/2 - (-6)/2. Let r be (11 - 14)*2/j. Is 7*r*(-30)/7 a multiple of 12?
False
Let a(u) = u - 3. Let r be a(12). Let v be (3 + 24/(-9))*r. Suppose -i = v*i - 108. Is 27 a factor of i?
True
Let d(k) = k**2 + k + 3. Let r be d(-2). Let x = 45 + r. Is x a multiple of 25?
True
Let n(f) = f**2 + 20*f + 2. Let r be n(-17). Let q = 78 + r. Is q a multiple of 29?
True
Suppose 7*s = 2*s - f + 4068, 5*s = -3*f + 4064. Is s a multiple of 74?
True
Let j be ((-48)/18)/((-2)/3). Suppose -5*x + 22 = j*v, 3*v = 5*v - 4*x + 2. Suppose 5*k - 2*z - 48 = 0, -4*k + 12 = v*z + 2*z. Is k a multiple of 2?
True
Let q = 128 - 32. Is 11 a factor of q/(-9)*(-1 - 62/4)?
True
Suppose -686 = -5*u + 3*l + 4230, -4*l = -4*u + 3928. Suppose -3*f - u = -8*f. Is f a multiple of 57?
False
Let f(w) = -11*w + w**2 - 3 - 6 - 1. Let i = 50 - 37. Is 8 a factor of f(i)?
True
Let d(x) be the third derivative of x**6/120 - 3*x**5/20 - x**4/4 - x**3 - 142*x**2. Let o = 20 - 10. Does 17 divide d(o)?
True
Suppose 9*h + 15 = 14*h. Suppose 0 = h*y - 222 - 42. Does 12 divide y?
False
Let d be 32/(-20) + 2/(-5). Let q be (-2)/4*d/1. Is ((-2)/1)/(q/(-18)) a multiple of 12?
True
Let a = 242 + 40. Is 4 a factor of a?
False
Suppose 4*o - 4*s = s + 155, 2*s + 6 = 0. Suppose 5*x = 2*x - 2*i + 79, 3*x + i = 74. Let k = o - x. Is 4 a factor of k?
True
Let d be (-21)/49 + (-25)/7. Does 6 divide 3 + 13 - (d - -6)?
False
Let x = -28 - -67. Let m = 50 - 26. Let b = x - m. Is b a multiple of 15?
True
Suppose -2*l + 4 = -6. Let b = l - -11. Is 44*(-2)/(b/(-12)) a multiple of 22?
True
Suppose -c = 98 + 57. Let r be c/(-3) - (-12)/(-18). Suppose -119 - r = -5*d. Is d a multiple of 11?
False
Suppose -2*w - 11 = 3*c + 13, -w = -2*c + 12. Let p = 15 - w. Does 5 divide p?
False
Let u = 972 + 484. Is 16 a factor of u?
True
Let m be (-6)/(3/(-6)*-1). Let i = -15 - m. Is i*(-74)/6 + 3 a multiple of 10?
True
Suppose -3*p + 220 = -401. Let z = p + 73. Does 40 divide z?
True
Is 398/4 - 90/(-36) a multiple of 17?
True
Let r = 63 + -9. Let t = -48 + r. Is t even?
True
Suppose 3*m - 61 = 4*f - 0, f + 22 = m. Is 25 a factor of m?
False
Let i = -83 + 188. Is 21 a factor of i?
True
Suppose 2*c = 5*c - 54. Let a be 2426/c + 6/27. Suppose 5*u - a = 2*u. Does 15 divide u?
True
Suppose q - 312 = -0*q. Does 13 divide q?
True
Let j(p) = 5*p - 9. Let g be j(3). Suppose -32 = -g*a - 2. Is 3 a factor of a?
False
Let f(x) be the first derivative of 15*x**4/2 + x**3/3 + x**2/2 + 15. Is f(1) a multiple of 3?
False
Let m(u) = 2*u - 12. Let q be m(8). Let l(t) = -3*t**2 + 11*t + 0*t**2 + q*t**2 - 3*t + 7. Does 7 divide l(-8)?
True
Let a = 5 + -43. Let c = a + 68. Is 15 a factor of c?
True
Let p(a) = -a**2 - 12*a - 7. Let z be p(-11). Suppose -4*v = w + 2*w + z, -5*w + 1 = -v. Suppose 455 = 5*t - w*t. Is 13 a factor of t?
True
Let w(u) = u**3 + 3*u**2 - 2*u - 2. Let s be w(-3). Suppose 1 + 3 = s*o. Is (36/42)/(o/21) a multiple of 9?
True
Let z be (85/(-20))/((-1)/4). Let c = z - 13. Is 10 a factor of (2*-5)/((-2)/c)?
True
Let q be ((-20)/(-1))/(-1 - -2). Let n(l) = -10*l**2 + 13*l**2 + q*l**2. Is 6 a factor of n(-1)?
False
Let w = 44 - 5. Let g = 57 - w. Does 18 divide g?
True
Suppose 195*m - 460 = 194*m. Is m a multiple of 23?
True
Suppose -o + 3*m + 156 = 0, 4*o + 8*m - 3*m - 658 = 0. Is 6 a factor of o?
True
Let i = 20 - 25. Let v = 40 - i. Is 10 a factor of (64/10)/(18/v)?
False
Suppose -2*l + 3*y + 1061 = 0, 5*y + 25 = 10*y. Does 29 divide l?
False
Let z = -232 - -1005. Is 28 a factor of z?
False
Suppose 72 = 2*z - 6*z. Does 16 divide (-434)/(-4) - z/12?
False
Suppose h + 12 - 87 = 0. Does 47 divide (420/h)/(2/95)?
False
Let g = 19 + -26. Let c = g + 31. Is 4 a factor of c/(-20)*10/(-3)?
True
Let i(a) = -4*a + 4. Let r(x) = -3*x - 1. Let v be r(1). Is 20 a factor of i(v)?
True
Does 7 divide -5262*2/6*(-1)/2?
False
Let k(y) = -2*y + 97. Let s be k(18). Let r = 84 + -120. Let v = r + s. Is 11 a factor of v?
False
Let v(z) = 44*z - 11. Is v(3) a multiple of 3?
False
Let c = 476 + -218. Is c a multiple of 3?
True
Let g = 79 - 139. Is (-3594)/(-45) - 8/g a multiple of 16?
True
Does 5 divide ((-2152)/(-10))/(1/(70/28))?
False
Suppose 0 = l, 2*l + 450 = -r + 3501. Is 9 a factor of r?
True
Suppose -3*n - 16 = 2*r - 40, -3*r + 5*n = -74. Suppose -c + 2*a = -3*a + r, 3*c + a - 26 = 0. Let p = c + 5. Is p a multiple of 9?
False
Suppose -7*c = -r - 4*c + 620, 3024 = 5*r + 4*c. Does 48 divide r?
False
Let s(v) = 3*v**3 - 24*v**2 - 6*v + 2. Does 32 divide s(14)?
False
Suppose -6*k - 42 = -0. Let w(j) = 2*j**2 + 11*j + 24. Is w(k) a multiple of 15?
True
Let d = 17 + -16. Let g be (d + (-45)/(-2))*2. Let z = g - 5. Is z a multiple of 21?
True
Let u(q) = -5*q**3 - q**2 - q - 1. Suppose 3*l - 6*l = 3. Let w be u(l). Suppose -4*m - w*a - 24 = -6*m, -5*a + 26 = m. Does 8 divide m?
True
Let i = 36 + -31. Suppose s - 210 = -w, -646 = -i*s + 2*s + w. Is 57 a factor of s?
False
Let n = 4 + -14. Suppose -7*g + 3*g + 4 = 0, -5*g = -3*a + 67. Is 7 a factor of ((-8)/n)/(a/540)?
False
Let f be (-215)/4 + 81/108. Let s = f - -143. Is s a multiple of 11?
False
Let m(d) = 254*d - 228. Is 15 a factor of m(4)?
False
Suppose 6*h = -h + 371. Let l = h - -5. Is 10 a factor of l?
False
Suppose -4*g = 2*t - 4222, 0 = -72*g + 76*g - 3*t - 4197. Does 39 divide g?
True
Suppose u + 1 = 2*u. Is 3*u*(2 + 7) a multiple of 5?
False
Is 645/(-2)*(-30)/25 a multiple of 43?
True
Suppose -3*b + 74 = o - 8, 2*o - 2 = 0. Let u = 6 + b. Does 3 divide u?
True
Is (-3227)/(6 - 13) - (1 + 1) a multiple of 9?
True
Let y = -1296 + 1652. Is 10 a factor of y?
False
Let j = 231 - 187. Does 44 divide j?
True
Let b = 311 - -280. Is 12 a factor of b?
False
Let b(f) = -266*f**3 + f**2 + f. Is 19 a factor of b(-1)?
True
Suppose 984*g + 5400 = 988*g. Is 15 a factor of g?
True
Let y(a) = a**3 - 11*a**2 +